{"id":1397,"date":"2024-04-17T21:25:18","date_gmt":"2024-04-17T19:25:18","guid":{"rendered":"https:\/\/parolin-france.fr\/?post_type=product&#038;p=1397"},"modified":"2024-08-08T07:05:40","modified_gmt":"2024-08-08T05:05:40","slug":"entretoise-en-aluminium-pour-mini-reservoir-de-carburant-m8-noir-anodise","status":"publish","type":"product","link":"https:\/\/parolin-france.fr\/index.php\/produit\/entretoise-en-aluminium-pour-mini-reservoir-de-carburant-m8-noir-anodise\/","title":{"rendered":"ENTRETOISE EN ALUMINIUM POUR MINI R\u00c9SERVOIR DE CARBURANT M8 &#8211; NOIR ANODIS\u00c9"},"content":{"rendered":"<p>ENTRETOISE EN ALUMINIUM POUR MINI R\u00c9SERVOIR DE CARBURANT M8 &#8211; NOIR ANODIS\u00c9<\/p>\n","protected":false},"excerpt":{"rendered":"<p>ENTRETOISE EN ALUMINIUM POUR MINI R\u00c9SERVOIR DE CARBURANT M8 &#8211; NOIR ANODIS\u00c9<\/p>\n","protected":false},"featured_media":277,"template":"","meta":{"_crdt_document":""},"product_brand":[],"product_cat":[18,47,60],"product_tag":[69,21],"class_list":{"0":"post-1397","1":"product","2":"type-product","3":"status-publish","4":"has-post-thumbnail","6":"product_cat-mini-60","7":"product_cat-options-mini","8":"product_cat-accesoires","9":"product_tag-accessoires","10":"product_tag-mini-60","11":"product_shipping_class-colis-normaux","13":"first","14":"instock","15":"taxable","16":"shipping-taxable","17":"purchasable","18":"product-type-simple"},"yoast_head":"<!-- This site is optimized with the Yoast SEO plugin v27.3 - https:\/\/yoast.com\/product\/yoast-seo-wordpress\/ -->\n<title>ENTRETOISE EN ALUMINIUM POUR MINI R\u00c9SERVOIR DE CARBURANT M8 - NOIR ANODIS\u00c9 - PAROLIN FRANCE<\/title>\n<meta name=\"robots\" content=\"index, follow, max-snippet:-1, max-image-preview:large, max-video-preview:-1\" \/>\n<link rel=\"canonical\" href=\"https:\/\/parolin-france.fr\/index.php\/produit\/entretoise-en-aluminium-pour-mini-reservoir-de-carburant-m8-noir-anodise\/\" \/>\n<meta property=\"og:locale\" content=\"fr_FR\" \/>\n<meta property=\"og:type\" content=\"article\" \/>\n<meta property=\"og:title\" content=\"ENTRETOISE EN ALUMINIUM POUR MINI R\u00c9SERVOIR DE CARBURANT M8 - NOIR ANODIS\u00c9 - PAROLIN FRANCE\" \/>\n<meta property=\"og:description\" content=\"ENTRETOISE EN ALUMINIUM POUR MINI R\u00c9SERVOIR DE CARBURANT M8 - NOIR ANODIS\u00c9\" \/>\n<meta property=\"og:url\" content=\"https:\/\/parolin-france.fr\/index.php\/produit\/entretoise-en-aluminium-pour-mini-reservoir-de-carburant-m8-noir-anodise\/\" \/>\n<meta property=\"og:site_name\" content=\"PAROLIN FRANCE\" \/>\n<meta property=\"article:modified_time\" content=\"2024-08-08T05:05:40+00:00\" \/>\n<meta property=\"og:image\" content=\"https:\/\/parolin-france.fr\/wp-content\/uploads\/2024\/03\/10SAPBM.jpg\" \/>\n\t<meta property=\"og:image:width\" content=\"1000\" \/>\n\t<meta property=\"og:image:height\" content=\"666\" \/>\n\t<meta property=\"og:image:type\" content=\"image\/jpeg\" \/>\n<meta name=\"twitter:card\" content=\"summary_large_image\" \/>\n<script type=\"application\/ld+json\" class=\"yoast-schema-graph\">{\"@context\":\"https:\\\/\\\/schema.org\",\"@graph\":[{\"@type\":\"WebPage\",\"@id\":\"https:\\\/\\\/parolin-france.fr\\\/index.php\\\/produit\\\/entretoise-en-aluminium-pour-mini-reservoir-de-carburant-m8-noir-anodise\\\/\",\"url\":\"https:\\\/\\\/parolin-france.fr\\\/index.php\\\/produit\\\/entretoise-en-aluminium-pour-mini-reservoir-de-carburant-m8-noir-anodise\\\/\",\"name\":\"ENTRETOISE EN ALUMINIUM POUR MINI R\u00c9SERVOIR DE CARBURANT M8 - NOIR ANODIS\u00c9 - PAROLIN FRANCE\",\"isPartOf\":{\"@id\":\"https:\\\/\\\/parolin-france.fr\\\/#website\"},\"primaryImageOfPage\":{\"@id\":\"https:\\\/\\\/parolin-france.fr\\\/index.php\\\/produit\\\/entretoise-en-aluminium-pour-mini-reservoir-de-carburant-m8-noir-anodise\\\/#primaryimage\"},\"image\":{\"@id\":\"https:\\\/\\\/parolin-france.fr\\\/index.php\\\/produit\\\/entretoise-en-aluminium-pour-mini-reservoir-de-carburant-m8-noir-anodise\\\/#primaryimage\"},\"thumbnailUrl\":\"https:\\\/\\\/parolin-france.fr\\\/wp-content\\\/uploads\\\/2024\\\/03\\\/10SAPBM.jpg\",\"datePublished\":\"2024-04-17T19:25:18+00:00\",\"dateModified\":\"2024-08-08T05:05:40+00:00\",\"breadcrumb\":{\"@id\":\"https:\\\/\\\/parolin-france.fr\\\/index.php\\\/produit\\\/entretoise-en-aluminium-pour-mini-reservoir-de-carburant-m8-noir-anodise\\\/#breadcrumb\"},\"inLanguage\":\"fr-FR\",\"potentialAction\":[{\"@type\":\"ReadAction\",\"target\":[\"https:\\\/\\\/parolin-france.fr\\\/index.php\\\/produit\\\/entretoise-en-aluminium-pour-mini-reservoir-de-carburant-m8-noir-anodise\\\/\"]}]},{\"@type\":\"ImageObject\",\"inLanguage\":\"fr-FR\",\"@id\":\"https:\\\/\\\/parolin-france.fr\\\/index.php\\\/produit\\\/entretoise-en-aluminium-pour-mini-reservoir-de-carburant-m8-noir-anodise\\\/#primaryimage\",\"url\":\"https:\\\/\\\/parolin-france.fr\\\/wp-content\\\/uploads\\\/2024\\\/03\\\/10SAPBM.jpg\",\"contentUrl\":\"https:\\\/\\\/parolin-france.fr\\\/wp-content\\\/uploads\\\/2024\\\/03\\\/10SAPBM.jpg\",\"width\":1000,\"height\":666},{\"@type\":\"BreadcrumbList\",\"@id\":\"https:\\\/\\\/parolin-france.fr\\\/index.php\\\/produit\\\/entretoise-en-aluminium-pour-mini-reservoir-de-carburant-m8-noir-anodise\\\/#breadcrumb\",\"itemListElement\":[{\"@type\":\"ListItem\",\"position\":1,\"name\":\"Accueil\",\"item\":\"https:\\\/\\\/parolin-france.fr\\\/\"},{\"@type\":\"ListItem\",\"position\":2,\"name\":\"Boutique\",\"item\":\"https:\\\/\\\/parolin-france.fr\\\/index.php\\\/boutique\\\/\"},{\"@type\":\"ListItem\",\"position\":3,\"name\":\"ENTRETOISE EN ALUMINIUM POUR MINI R\u00c9SERVOIR DE CARBURANT M8 &#8211; NOIR ANODIS\u00c9\"}]},{\"@type\":\"WebSite\",\"@id\":\"https:\\\/\\\/parolin-france.fr\\\/#website\",\"url\":\"https:\\\/\\\/parolin-france.fr\\\/\",\"name\":\"PAROLIN FRANCE\",\"description\":\"Ch\u00e2ssis de karting\",\"publisher\":{\"@id\":\"https:\\\/\\\/parolin-france.fr\\\/#organization\"},\"potentialAction\":[{\"@type\":\"SearchAction\",\"target\":{\"@type\":\"EntryPoint\",\"urlTemplate\":\"https:\\\/\\\/parolin-france.fr\\\/?s={search_term_string}\"},\"query-input\":{\"@type\":\"PropertyValueSpecification\",\"valueRequired\":true,\"valueName\":\"search_term_string\"}}],\"inLanguage\":\"fr-FR\"},{\"@type\":\"Organization\",\"@id\":\"https:\\\/\\\/parolin-france.fr\\\/#organization\",\"name\":\"PAROLIN FRANCE\",\"url\":\"https:\\\/\\\/parolin-france.fr\\\/\",\"logo\":{\"@type\":\"ImageObject\",\"inLanguage\":\"fr-FR\",\"@id\":\"https:\\\/\\\/parolin-france.fr\\\/#\\\/schema\\\/logo\\\/image\\\/\",\"url\":\"https:\\\/\\\/parolin-france.fr\\\/wp-content\\\/uploads\\\/2024\\\/03\\\/logo_parolin_fr.jpg\",\"contentUrl\":\"https:\\\/\\\/parolin-france.fr\\\/wp-content\\\/uploads\\\/2024\\\/03\\\/logo_parolin_fr.jpg\",\"width\":1785,\"height\":456,\"caption\":\"PAROLIN FRANCE\"},\"image\":{\"@id\":\"https:\\\/\\\/parolin-france.fr\\\/#\\\/schema\\\/logo\\\/image\\\/\"}}]}<\/script>\n<!-- \/ Yoast SEO plugin. -->","yoast_head_json":{"title":"ENTRETOISE EN ALUMINIUM POUR MINI R\u00c9SERVOIR DE CARBURANT M8 - NOIR ANODIS\u00c9 - PAROLIN FRANCE","robots":{"index":"index","follow":"follow","max-snippet":"max-snippet:-1","max-image-preview":"max-image-preview:large","max-video-preview":"max-video-preview:-1"},"canonical":"https:\/\/parolin-france.fr\/index.php\/produit\/entretoise-en-aluminium-pour-mini-reservoir-de-carburant-m8-noir-anodise\/","og_locale":"fr_FR","og_type":"article","og_title":"ENTRETOISE EN ALUMINIUM POUR MINI R\u00c9SERVOIR DE CARBURANT M8 - NOIR ANODIS\u00c9 - PAROLIN FRANCE","og_description":"ENTRETOISE EN ALUMINIUM POUR MINI R\u00c9SERVOIR DE CARBURANT M8 - NOIR ANODIS\u00c9","og_url":"https:\/\/parolin-france.fr\/index.php\/produit\/entretoise-en-aluminium-pour-mini-reservoir-de-carburant-m8-noir-anodise\/","og_site_name":"PAROLIN FRANCE","article_modified_time":"2024-08-08T05:05:40+00:00","og_image":[{"width":1000,"height":666,"url":"https:\/\/parolin-france.fr\/wp-content\/uploads\/2024\/03\/10SAPBM.jpg","type":"image\/jpeg"}],"twitter_card":"summary_large_image","schema":{"@context":"https:\/\/schema.org","@graph":[{"@type":"WebPage","@id":"https:\/\/parolin-france.fr\/index.php\/produit\/entretoise-en-aluminium-pour-mini-reservoir-de-carburant-m8-noir-anodise\/","url":"https:\/\/parolin-france.fr\/index.php\/produit\/entretoise-en-aluminium-pour-mini-reservoir-de-carburant-m8-noir-anodise\/","name":"ENTRETOISE EN ALUMINIUM POUR MINI R\u00c9SERVOIR DE CARBURANT M8 - NOIR ANODIS\u00c9 - PAROLIN FRANCE","isPartOf":{"@id":"https:\/\/parolin-france.fr\/#website"},"primaryImageOfPage":{"@id":"https:\/\/parolin-france.fr\/index.php\/produit\/entretoise-en-aluminium-pour-mini-reservoir-de-carburant-m8-noir-anodise\/#primaryimage"},"image":{"@id":"https:\/\/parolin-france.fr\/index.php\/produit\/entretoise-en-aluminium-pour-mini-reservoir-de-carburant-m8-noir-anodise\/#primaryimage"},"thumbnailUrl":"https:\/\/parolin-france.fr\/wp-content\/uploads\/2024\/03\/10SAPBM.jpg","datePublished":"2024-04-17T19:25:18+00:00","dateModified":"2024-08-08T05:05:40+00:00","breadcrumb":{"@id":"https:\/\/parolin-france.fr\/index.php\/produit\/entretoise-en-aluminium-pour-mini-reservoir-de-carburant-m8-noir-anodise\/#breadcrumb"},"inLanguage":"fr-FR","potentialAction":[{"@type":"ReadAction","target":["https:\/\/parolin-france.fr\/index.php\/produit\/entretoise-en-aluminium-pour-mini-reservoir-de-carburant-m8-noir-anodise\/"]}]},{"@type":"ImageObject","inLanguage":"fr-FR","@id":"https:\/\/parolin-france.fr\/index.php\/produit\/entretoise-en-aluminium-pour-mini-reservoir-de-carburant-m8-noir-anodise\/#primaryimage","url":"https:\/\/parolin-france.fr\/wp-content\/uploads\/2024\/03\/10SAPBM.jpg","contentUrl":"https:\/\/parolin-france.fr\/wp-content\/uploads\/2024\/03\/10SAPBM.jpg","width":1000,"height":666},{"@type":"BreadcrumbList","@id":"https:\/\/parolin-france.fr\/index.php\/produit\/entretoise-en-aluminium-pour-mini-reservoir-de-carburant-m8-noir-anodise\/#breadcrumb","itemListElement":[{"@type":"ListItem","position":1,"name":"Accueil","item":"https:\/\/parolin-france.fr\/"},{"@type":"ListItem","position":2,"name":"Boutique","item":"https:\/\/parolin-france.fr\/index.php\/boutique\/"},{"@type":"ListItem","position":3,"name":"ENTRETOISE EN ALUMINIUM POUR MINI R\u00c9SERVOIR DE CARBURANT M8 &#8211; NOIR ANODIS\u00c9"}]},{"@type":"WebSite","@id":"https:\/\/parolin-france.fr\/#website","url":"https:\/\/parolin-france.fr\/","name":"PAROLIN FRANCE","description":"Ch\u00e2ssis de karting","publisher":{"@id":"https:\/\/parolin-france.fr\/#organization"},"potentialAction":[{"@type":"SearchAction","target":{"@type":"EntryPoint","urlTemplate":"https:\/\/parolin-france.fr\/?s={search_term_string}"},"query-input":{"@type":"PropertyValueSpecification","valueRequired":true,"valueName":"search_term_string"}}],"inLanguage":"fr-FR"},{"@type":"Organization","@id":"https:\/\/parolin-france.fr\/#organization","name":"PAROLIN FRANCE","url":"https:\/\/parolin-france.fr\/","logo":{"@type":"ImageObject","inLanguage":"fr-FR","@id":"https:\/\/parolin-france.fr\/#\/schema\/logo\/image\/","url":"https:\/\/parolin-france.fr\/wp-content\/uploads\/2024\/03\/logo_parolin_fr.jpg","contentUrl":"https:\/\/parolin-france.fr\/wp-content\/uploads\/2024\/03\/logo_parolin_fr.jpg","width":1785,"height":456,"caption":"PAROLIN FRANCE"},"image":{"@id":"https:\/\/parolin-france.fr\/#\/schema\/logo\/image\/"}}]}},"_links":{"self":[{"href":"https:\/\/parolin-france.fr\/index.php\/wp-json\/wp\/v2\/product\/1397","targetHints":{"allow":["GET"]}}],"collection":[{"href":"https:\/\/parolin-france.fr\/index.php\/wp-json\/wp\/v2\/product"}],"about":[{"href":"https:\/\/parolin-france.fr\/index.php\/wp-json\/wp\/v2\/types\/product"}],"wp:featuredmedia":[{"embeddable":true,"href":"https:\/\/parolin-france.fr\/index.php\/wp-json\/wp\/v2\/media\/277"}],"wp:attachment":[{"href":"https:\/\/parolin-france.fr\/index.php\/wp-json\/wp\/v2\/media?parent=1397"}],"wp:term":[{"taxonomy":"product_brand","embeddable":true,"href":"https:\/\/parolin-france.fr\/index.php\/wp-json\/wp\/v2\/product_brand?post=1397"},{"taxonomy":"product_cat","embeddable":true,"href":"https:\/\/parolin-france.fr\/index.php\/wp-json\/wp\/v2\/product_cat?post=1397"},{"taxonomy":"product_tag","embeddable":true,"href":"https:\/\/parolin-france.fr\/index.php\/wp-json\/wp\/v2\/product_tag?post=1397"}],"curies":[{"name":"wp","href":"https:\/\/api.w.org\/{rel}","templated":true}]}}